26?
38
Let g(l) = -19*l + 29. Let x be g(13). Let n = x + 225. What is the highest common factor of n and 203?
7
Let x(u) = 32*u - 84*u + 37*u. Let z be x(-8). Let t = 813 + -801. What is the greatest common factor of t and z?
12
Let l(u) = -573*u - 10319. Let a be l(-34). Calculate the greatest common divisor of 748 and a.
187
Let b = -9215 + 17333. Calculate the greatest common divisor of 164 and b.
82
Let l be ((-3)/9)/((-155)/10132350). What is the highest common divisor of 10 and l?
10
Let i(r) = 68*r + 297. Let z be i(5). Let q be 47 + (-26 - -27) + 1 + 0. Calculate the highest common factor of z and q.
49
Suppose 4*g - 135 = -g + 5*n, 3*n = 5*g - 125. Let j = 140 - 107. What is the greatest common divisor of g and j?
11
Suppose 0 = -2*x + 4, a - 184 = -3*x + 1397. Suppose 4*j - j + 3*u - 126 = 0, -2*u - 51 = -j. Calculate the highest common divisor of j and a.
45
Let l = -3309 - -18424. What is the highest common divisor of 5 and l?
5
Suppose -4126 = -20*k + 4154. Suppose k = -333*a + 339*a. Calculate the highest common factor of 253 and a.
23
Let a(l) = -3*l**3 - 15*l**2 - 27*l - 8. Let o be a(-3). What is the highest common divisor of o and 79?
1
Let m(c) = 7*c**2 - 15*c + 54. Suppose 4*p + 6 - 10 = -2*h, -3*h + 3 = 5*p. Let l be m(p). What is the greatest common divisor of 504 and l?
72
Let l be 113*((-16)/4 - -5). Suppose 3*o - l = -11. Let u(z) = 17*z**2 - 111*z - 606. Let d be u(-5). Calculate the highest common divisor of o and d.
34
Let g = 21 + -16. Suppose 4*s + j = -0*j + 13, -g*j = -2*s - 21. Let d = 135 + -131. Calculate the highest common factor of d and s.
2
Suppose 8*l + 690 = 14*l. Suppose 133*o - 144 = l*o. What is the greatest common factor of 584 and o?
8
Let g be ((-1150)/(-6) - 1)/((-1216)/(-1824)). Suppose -2*n + 3*q + 95 = 0, 0 = 5*q - 9 - 6. Calculate the greatest common factor of g and n.
26
Let w(u) = -10*u**3 - 3*u**2 - 8*u - 1. Let p be ((-306)/21)/6 + (-4)/7. Let s be w(p). Calculate the highest common factor of 14 and s.
14
Suppose 702 = 5*z + 3*x, 2*z = 4*x + 337 - 51. Let y = 31 + 16. What is the highest common divisor of z and y?
47
Suppose -16 = w - 128. Let v be 1*20 + (-1560)/78 - -16. Calculate the greatest common factor of w and v.
16
Suppose -k + 15 = -2*a - 3*a, 0 = -k - 5*a - 5. Suppose -3*r = 5*i - 37, 10 = 3*r + 4*i - 22. Calculate the highest common factor of k and r.
1
Suppose 13*c + 66 = 24*c. Suppose -5*x - 3*b + 165 = 0, -c*b + 11*b = 5*x - 165. Calculate the greatest common divisor of 132 and x.
33
Suppose 4*g - 599 = -g - 2*j, -4*g + 484 = 4*j. Let x = g + -87. Calculate the greatest common factor of x and 480.
32
Suppose -64*v = -3212 - 2356. Calculate the highest common divisor of v and 4089.
87
Suppose -1208*m - 122056 = -1284*m. Calculate the greatest common divisor of 292 and m.
146
Suppose 648 = l + 2*m, -m + 322 = 2*l - 962. What is the highest common factor of l and 1040?
80
Suppose 4*w + 2*n = 18 + 8, 2*n = -2*w + 12. Let j(i) = -2*i**3 + 13*i**2 + 17*i - 15. Let c be j(w). What is the highest common factor of c and 209?
11
Let s be (10/(-4))/((-8)/688) + -2. Let m = 325 - s. Let k be (7 - 259/35) + m/5. What is the highest common factor of 77 and k?
11
Suppose 6795 = -3*a + 10*a + 3*p, 0 = 4*a + 5*p - 3873. Calculate the greatest common factor of 84 and a.
12
Suppose -7*f + 14*f - 8*f = -38. Calculate the highest common factor of 5472 and f.
38
Let f(x) = x**3 - 35*x**2 + 112*x + 447. Let p be f(31). What is the highest common factor of 320 and p?
5
Suppose -5*q + 15 = 10*q. Let s = -48 + 73. Suppose -s*w - 9 = -28*w. What is the greatest common divisor of q and w?
1
Suppose 14*d - 3*m + 903 = 24*d, 2*d = -m + 181. Let v = 78 - 24. Suppose 5*q = -t + 30, 3*q - v = t - 4*t. What is the greatest common factor of d and t?
15
Let b(s) be the third derivative of 7*s**4/12 - 7*s**3/6 - 28*s**2. Let p be b(1). Calculate the highest common divisor of 427 and p.
7
Let g be ((-27)/(-6))/((-6)/(-8)). Let b = -207 + 278. Suppose -76*q = -b*q - 90. Calculate the highest common factor of q and g.
6
Suppose 9*u = -523 - 638. Let a = u - -163. What is the greatest common factor of a and 34?
34
Let h(a) = 7*a - 60. Let d(c) = -9*c + 58. Let s(w) = -5*d(w) - 6*h(w). Let b be s(-21). What is the highest common factor of b and 91?
7
Let a be 11752 - (0 + (-6 - 7)). Calculate the greatest common factor of 130 and a.
65
Suppose 4*s + 193 = o, 4*s = -9*o + 13*o - 760. Calculate the highest common divisor of 864 and o.
27
Let k(a) = a**3 + 12*a**2 + 2*a - 22. Let l be k(-11). Suppose -2*z - 5 = 3*z, -z = t + 50. Let x = t + l. What is the highest common divisor of 70 and x?
14
Suppose -438 = -2*b - 5*n, -n + 271 = 2*b - 191. What is the highest common factor of b and 117?
117
Let q be (1/2)/((-11)/(-792)). Suppose 487*h - q = 485*h. What is the greatest common factor of h and 882?
18
Suppose -5*o - 2*j = -485, 4*j = -0*o + 3*o - 265. Let i = o - 67. Suppose -46*d = -43*d - 42. Calculate the greatest common divisor of i and d.
14
Let g be 8/(-68) - (-3 - (-958692)/(-238)). What is the highest common factor of g and 139?
139
Suppose -4*y + f = -298, 0 = 5*y + 16*f - 12*f - 404. What is the highest common factor of 9500 and y?
76
Suppose -402*p + 5*y = -404*p + 609, -4*y + 1236 = 4*p. Calculate the highest common factor of p and 3588.
156
Let t(i) = -i + 14. Let s be t(7). Suppose -24*p + s*p + 544 = 0. Let b be (-2 - -5)/((-3)/(-80)). What is the greatest common factor of b and p?
16
Suppose -3*u + 89 = 4*z, -2*z + 82 = 2*u - 5*z. Let m(x) = -552*x + 5975. Let n be m(10). Calculate the greatest common factor of n and u.
35
Let i = 5448 - 5434. What is the greatest common divisor of i and 371?
7
Let p be 40/300 - 1736/(-30). What is the highest common divisor of p and 12267?
29
Suppose -4*t - 3*q = 1922 - 6789, 6076 = 5*t - 4*q. What is the highest common factor of t and 399?
19
Let i be 142298/117 - 4*3/54. Calculate the greatest common divisor of i and 228.
76
Suppose -44*w + 17*w + 16929 = 0. What is the greatest common factor of w and 253?
11
Let v(b) = 339*b + 4671. Let w be v(0). What is the highest common divisor of w and 27?
27
Let x be 88 + 1 + 1*(10 + -4) + -11. What is the highest common divisor of x and 966?
42
Suppose -3*c = 87*s - 85*s - 5, -3*s - 6 = 0. Suppose -5*m + 249 = 4*z - c*z, -z = -4*m + 192. What is the highest common divisor of m and 28?
7
Let k(l) = -l**3 - 28*l**2 - 26*l + 31. Let j be k(-27). Suppose -j*t + 10 = -6. What is the greatest common factor of t and 100?
4
Let z(o) = 2*o**2 - 37*o + 23. Let t be z(20). Let u = t + -77. Calculate the greatest common divisor of 8 and u.
2
Let n(g) = -g**2 - 1. Let q(s) = 4*s**2 - 19*s + 103. Let c(h) = 3*n(h) + q(h). Let v be c(9). Calculate the highest common divisor of v and 710.
10
Suppose -51*d = -208*d + 87*d + 560. Let a(k) be the first derivative of -7*k**2/2 - k + 1. Let b be a(-1). What is the highest common divisor of b and d?
2
Suppose 4*c + 80 = 4*x, -8*c = -2*x - 4*c + 56. What is the highest common divisor of 192 and x?
12
Suppose -44*x + 38*x + 3666 = 0. Let h(z) = 2*z**2 - 25*z. Let r be h(13). What is the highest common factor of r and x?
13
Suppose -7*x + 3*l - 262 = -12*x, -x + 58 = 2*l. Let u = x + -9. Suppose 23 = r - u. What is the greatest common divisor of r and 4?
4
Let t = 43 - 26. Let c be (-1 - 12/4) + t. Let g be (-2 + 1 - -2) + c + -2. Calculate the highest common divisor of g and 4.
4
Let k = -1655 - -1730. Calculate the greatest common factor of k and 405.
15
Let c be (19 + -21)/((-3 - 2)*(-6)/(-915)). What is the greatest common factor of 793 and c?
61
Let r = 248 + -253. Let v be 2/r*-2 + 332/10. Calculate the greatest common factor of v and 51.
17
Suppose 24*a + 191 + 439 = 18*a. Suppose -2*i - 220 = 2*o, 0 = 5*i - 5*o - 166 + 686. Let b = a - i. What is the greatest common divisor of 3 and b?
1
Let g = -4366 - -4376. Calculate the highest common divisor of 108 and g.
2
Let p be (2/(-3))/(10/(-105)). Suppose -5*b - 1508 = -4*w, -p*w - 3*b = -11*w + 1508. What is the greatest common factor of 13 and w?
13
Let o(u) = -2*u**3 + 7*u**2 + 5*u + 6. Let q be o(6). Let r = q + 188. What is the greatest common divisor of r and 308?
44
Let y be ((-40)/15 - 0)*-33. Let u = y - 85. Suppose 11*a = u*a + 640